1 a factor of 240360168?
False
Does 5 divide 1150712755?
True
Does 100 divide 254112300?
True
Is 40 a factor of 77153233?
False
Is 1262 a factor of 569955798?
True
Is 22 a factor of 368337728?
True
Does 27 divide 112930326?
False
Is 62 a factor of 679449601?
False
Is 43 a factor of 50789837?
True
Is 663 a factor of 717061824?
False
Is 15891750 a multiple of 315?
True
Does 12 divide 2992236?
True
Does 9 divide 335631798?
True
Is 57 a factor of 53587638?
True
Is 79214949 a multiple of 5306?
False
Does 86 divide 6253480540?
True
Is 79296001 a multiple of 632?
False
Is 845 a factor of 11566954?
False
Does 364 divide 74406696?
True
Is 41 a factor of 24727669?
False
Is 9823170 a multiple of 26?
False
Does 9 divide 38447919?
True
Is 18 a factor of 87942690?
True
Does 439 divide 70500327?
True
Is 4433189140 a multiple of 1090?
True
Is 543320128 a multiple of 338?
True
Is 210 a factor of 119386680?
True
Is 489196194 a multiple of 28?
False
Is 1039 a factor of 21661072?
True
Is 4501 a factor of 214468149?
True
Is 63 a factor of 2836052731?
False
Does 423 divide 201535812?
True
Is 90 a factor of 930187980?
True
Does 398 divide 1203667184?
False
Does 365 divide 2006766383?
False
Is 24225367 a multiple of 35?
False
Is 331 a factor of 229932791?
True
Is 838 a factor of 2251742034?
True
Does 189 divide 371015127?
True
Does 126 divide 1844923823?
False
Is 535 a factor of 31996210?
True
Does 981 divide 230737545?
False
Is 60517548 a multiple of 609?
True
Is 165 a factor of 45464437?
False
Is 1790727636 a multiple of 788?
True
Is 108 a factor of 12727476?
True
Is 3541 a factor of 1011187177?
False
Does 2319 divide 2550447795?
True
Is 55557148 a multiple of 10?
False
Does 252 divide 1345919335?
False
Is 982695660 a multiple of 606?
True
Does 2793 divide 82602975?
True
Is 862 a factor of 82908884?
True
Is 1047564930 a multiple of 58?
False
Is 63 a factor of 1111234194?
True
Is 20 a factor of 21902953?
False
Is 1273 a factor of 149838?
False
Is 1012 a factor of 37472453?
False
Is 1229499642 a multiple of 7073?
False
Is 34 a factor of 603836328?
True
Is 1927 a factor of 482497676?
True
Is 68 a factor of 73673444?
True
Is 692 a factor of 1661492?
True
Does 20 divide 6750097?
False
Does 88 divide 465511904?
True
Is 319718 even?
True
Does 7 divide 52804297?
True
Is 10 a factor of 3332786102?
False
Is 89913632 a multiple of 2609?
False
Is 512595078 a multiple of 1401?
True
Is 3699177420 a multiple of 2215?
False
Does 32 divide 125671155?
False
Is 6 a factor of 101058541?
False
Does 611 divide 144986217?
False
Does 4795 divide 81452596?
False
Is 207558720 a multiple of 18?
True
Is 75008437 a multiple of 119?
True
Is 3746345093 a multiple of 3959?
False
Does 494 divide 90113504?
True
Is 2696880 a multiple of 60?
True
Is 7 a factor of 57459636?
False
Does 8093 divide 4854270068?
False
Is 931311041 a multiple of 3431?
False
Does 1116 divide 116402148?
True
Is 92688814 a multiple of 29?
True
Does 36 divide 7508520?
True
Does 16 divide 385904314?
False
Does 3 divide 25690?
False
Is 308860592 a multiple of 960?
False
Is 13 a factor of 53089129?
False
Does 6 divide 33435594?
True
Is 177527448 a multiple of 24?
True
Does 4875 divide 53033682?
False
Does 1591 divide 169253762?
True
Is 23 a factor of 40333531?
False
Does 5 divide 38296674?
False
Does 1567 divide 10198036?
True
Does 266 divide 27359164?
True
Is 89501146 a multiple of 34?
False
Is 282519087 a multiple of 107?
False
Is 214 a factor of 550868827?
False
Is 736840 a multiple of 40?
True
Is 51640394 a multiple of 31?
False
Does 29 divide 19943280?
False
Is 20397844 a multiple of 17?
False
Is 1906640827 a multiple of 3541?
True
Does 34 divide 104594463?
False
Is 91 a factor of 15569190?
True
Is 72030352 a multiple of 71?
True
Is 180882805 a multiple of 2474?
False
Does 29 divide 43341485?
False
Does 541 divide 1571825187?
True
Is 93 a factor of 276268366?
False
Is 1122508 a multiple of 14?
False
Does 19 divide 143686291?
False
Is 5 a factor of 6596570?
True
Does 14 divide 230047888?
True
Does 461 divide 1127585?
False
Is 502305308 a multiple of 5559?
False
Does 20 divide 1503023520?
True
Is 11 a factor of 29585083?
True
Is 7940277 a multiple of 467?
False
Is 3307224035 a multiple of 299?
False
Does 61 divide 35567392?
True
Does 55 divide 1162752140?
True
Is 627749157 a multiple of 7?
True
Does 10 divide 88904070?
True
Is 6321260 a multiple of 5?
True
Is 17006147 a multiple of 238?
False
Is 3456 a factor of 355074176?
False
Is 2721111066 a multiple of 603?
True
Is 11582864 a multiple of 727?
False
Is 1327 a factor of 44595563?
False
Is 187778019 a multiple of 1807?
True
Is 11 a factor of 158629319?
False
Is 3 a factor of 1806852?
True
Is 1494 a factor of 37576518?
False
Is 14336244 a multiple of 36?
True
Is 5583142 a multiple of 10?
False
Is 185 a factor of 1805034640?
True
Is 21007717 a multiple of 59?
True
Is 56 a factor of 56902833?
False
Is 2401 a factor of 425108920?
False
Is 23122357 a multiple of 14?
False
Is 42421741 a multiple of 28?
False
Does 2559 divide 37837374?
True
Does 995 divide 10422625?
True
Does 7 divide 190617574?
True
Does 11 divide 6641360?
True
Is 236323107 a multiple of 333?
True
Is 23 a factor of 3286063725?
False
Is 13 a factor of 206083891?
True
Is 278 a factor of 27495801?
False
Is 877 a factor of 164323291?
False
Is 206 a factor of 17150306?
False
Is 78 a factor of 9853896?
True
Is 15 a factor of 167759445?
True
Is 28927141 a multiple of 168?
False
Is 6 a factor of 61769?
False
Does 1828 divide 683555850?
False
Does 398 divide 1108634060?
False
Is 20944790 a multiple of 48?
False
Is 232 a factor of 241215040?
True
Is 518411589 a multiple of 84?
False
Is 4 a factor of 1354974?
False
Does 1146 divide 3260653?
False
Is 71 a factor of 1047347?
False
Is 390 a factor of 173635176?
False
Is 30 a factor of 294168784?
False
Is 5 a factor of 29107450?
True
Does 344 divide 1208963232?
True
Is 217928136 a multiple of 16?
False
Does 14 divide 510431961?
False
Is 200374029 a multiple of 1343?
False
Does 8 divide 693834624?
True
Is 29583588 a multiple of 5?
False
Does 5756 divide 132579783?
False
Is 565774845 a multiple of 730?
False
Is 83 a factor of 157851420?
False
Is 25 a factor of 51560351?
False
Is 251561813 a multiple of 29?
False
Is 375 a factor of 6004028625?
True
Is 70130886 a multiple of 172?
False
Does 97 divide 1038444557?
False
Does 124 divide 636121871?
False
Does 9 divide 1579566?
False
Is 147018279 a multiple of 1369?
True
Is 91549248 a multiple of 48?
True
Is 28756598 a multiple of 1898?
True
Does 980 divide 719413864?
False
Does 71 divide 2183155825?
False
Is 28 a factor of 56479276?
True
Is 9829113 a multiple of 87?
False
Does 354 divide 20443674?
False
Is 137215086 a multiple of 6?
True
Is 3681 a factor of 2223202527?
True
Is 2391524 a multiple of 347?
True
Is 63790681 a multiple of 1751?
True
Is 3106 a factor of 482526418?
True
Is 764021480 a multiple of 8?
True
Is 61 a factor of 13152942?
True
Is 1770 a factor of 2577891720?
True
Is 31573180 a multiple of 8?
False
Does 219 divide 1123639174?
False
Is 3210083 a multiple of 10?
False
Is 4003 a factor of 245056663?
False
Is 694 a factor of 20682746?
False
Does 12 divide 4220234376?
True
Is 27 a factor of 398193111?
True
Is 16 a factor of 790995500?
False
Is 14 a factor of 206699500?
True
Is 1916 a factor of 18222754?
False
Is 12046536 a multiple of 36?
True
Does 55 divide 450580075?
True
Is 27903489 a multiple of 10?
False
Does 1896 divide 31161124?
False
Is 26557251 a multiple of 21?
True
Does 226 divide 22943631?
False
Does 986 divide 59747656?
True
Is 28700534 a multiple of 2776?
False
Is 1841 a factor of 1137347708?
True
Is 1381889 a multiple of 2?
False
Does 23 divide 78387519?
True
Is 251696115 a multiple of 15?
True
Does 5 divide 16252088?
False
Is 3591059904 a multiple of 288?
True
Is 51 a factor of 15015835?
False
Is 257574665 a multiple of 145?
True
Is 2911 a factor of 365291113?
False
Does 62 divide 248067725?
False
Does 9 divide 8827965?
True
Is 8009 a factor of 1327573001?
False
Is 9 a factor of 281876906?
False
Is 746 a factor of 20374534?
False
Is 266580046 a multiple of 74?
False
Is 11424560 a multiple of 16?
True
Does 5 divide 591726960?
True
Is 2724150 a multiple of 165?
True
Is 9343039 a multiple of 1808?
False
Is